 + 326 = 0, -q - 478 = -3*c. What is the highest common divisor of c and 600?
40
Suppose -w + 145 = -g, -16*w + 14*w = 5*g - 283. What is the highest common divisor of 216 and w?
72
Let a = -1173 - -4969. What is the highest common factor of 52 and a?
52
Suppose -4*c - 644 = -2*x, -4*c + 799 = -9*c + x. Let a = c + 295. Suppose k - 2*u = -4*u + 138, -k + a = 4*u. Calculate the highest common factor of k and 28.
28
Suppose 26*o = 12*o + 756. Calculate the highest common factor of 1350 and o.
54
Suppose -53 = 8*q - 9*q + r, 0 = q + 5*r - 83. What is the greatest common factor of 174 and q?
58
Let w = 1520 - 1519. Calculate the greatest common factor of w and 16.
1
Suppose -4*w = -93 - 35. Calculate the greatest common divisor of w and 2.
2
Let a(q) = -2*q**2 - 18*q + 209. Let l be a(0). What is the highest common divisor of 133 and l?
19
Let t be ((-2328)/679)/(6/(-28)). What is the greatest common divisor of 784 and t?
16
Let v(u) = 2*u + 0 - 4 + 55. Let r be v(0). Suppose -4 = -z + r. What is the greatest common factor of z and 22?
11
Let x = -1433 - -1585. What is the highest common divisor of x and 40?
8
Let u be (-4 + -2402)/3 + 4. Let w be ((-24)/(-18))/((-4)/u). Calculate the highest common divisor of 38 and w.
38
Let u = 9 + -9. Suppose u = -y + 15 + 20. Suppose -4*l - l = -y. Calculate the greatest common divisor of 42 and l.
7
Let r = -3 - -9. Let y be (105/r)/1*48/10. Calculate the highest common factor of 28 and y.
28
Let x be 5/(105/1392) + (-16)/56. What is the greatest common divisor of x and 30?
6
Let m = 166 - 161. Suppose 3*g = -4*a + 15 + 3, -a + m*g + 16 = 0. What is the highest common divisor of a and 36?
6
Let c(w) = w**3 + w**2 + 24. Let q be c(0). Let f = 24 - 21. Let v be (f + 57 - -4) + -4. Calculate the highest common divisor of v and q.
12
Let f be 9/(36/104) - -1. Suppose f + 183 = 5*b. Calculate the greatest common divisor of 378 and b.
42
Let q(v) = v**3 - 9*v**2 + v + 7. Let g be q(9). Suppose 9*z - 11*z = -24. Let h be z*(3 + (-14)/(-6)). What is the greatest common divisor of g and h?
16
Let x(s) = -s**3 - 42*s**2 - 5*s + 109. Let y be x(-42). What is the highest common divisor of 58 and y?
29
Suppose -3*c - 2 = -17, -5*d - 20 = -5*c. Let z be 50 - 9 - (0 + d). Calculate the greatest common divisor of 20 and z.
20
Suppose 5*y - 2*q = 1221, 0 = y + 2*q - 5*q - 239. What is the highest common divisor of y and 70?
35
Let l(b) = 4*b**2 - 48*b + 191. Let w be l(4). Calculate the highest common divisor of 693 and w.
63
Suppose -8816 = r - 20*r. Calculate the greatest common factor of 58 and r.
58
Let b(o) = -25*o**3 + 2*o + 2. Let s = 50 - 51. Let y be b(s). What is the greatest common factor of y and 10?
5
Let g be (1/(-2))/(12/(-96)). Let s(r) = 2 + 6*r**2 + r**3 + 0*r**3 + 1 + 0*r + g*r. Let k be s(-3). Calculate the highest common divisor of 18 and k.
18
Let d(z) = z**2 - 6*z - 8. Let k be d(-16). Let h be k/28 - 4/14. What is the greatest common divisor of h and 108?
12
Suppose 3*c + 912 = 4*p, -1253 = -4*p + 5*c - 341. What is the greatest common divisor of 1254 and p?
114
Suppose -z + 3*z = 14. Suppose -36 = -3*a + 3*o, z*a + 3*o - 92 = 2*a. What is the greatest common divisor of a and 48?
16
Let z be 1/(36/112) - 2/18. Calculate the greatest common divisor of 12 and z.
3
Let b(l) = 6*l**2 + 46*l - 92. Let c be b(-22). What is the greatest common divisor of c and 10?
10
Suppose -6*n + 5*n = 0. Suppose -5*r - k = -34, -r + n*k + 12 = -5*k. What is the greatest common divisor of 21 and r?
7
Let o(h) = -68*h - 68. Let q be o(-2). What is the greatest common divisor of 1156 and q?
68
Let n be 130/4 - 2/(-4). Let i(v) = v**3 - 6*v**2 + 7*v - 5. Let h be i(5). Suppose 14*y = h*y + 27. What is the highest common factor of y and n?
3
Suppose 0 = -2*s + 3*x + 506, -5*x + 257 = 3*s - 521. What is the greatest common factor of 16 and s?
16
Let u = 1211 + -561. Suppose -u = -4*w - w. Let v = -70 + w. Calculate the greatest common divisor of v and 24.
12
Let d(t) = 12*t**2 + 5*t - 2. Suppose 4*r = -r + 5, n - 4 = -r. Let v be d(n). Let k = 23 - 12. What is the greatest common divisor of v and k?
11
Let m(r) = -r**3 - 42*r**2 + 44*r + 63. Let b be m(-43). What is the highest common factor of b and 10?
10
Suppose 10032 = 18*f + 48*f. Calculate the highest common divisor of 494 and f.
38
Let u = 688 + -554. What is the greatest common factor of u and 871?
67
Let j = -145 + 163. What is the greatest common factor of 90 and j?
18
Let s(g) = 2*g - 4. Let j be s(5). Let x = -26 - -28. Suppose 0 = 2*n + 6, 5*v - 129 = x*n + n. Calculate the greatest common factor of v and j.
6
Let u(g) = g**2 + 21*g + 204. Let b be u(-21). What is the highest common factor of b and 238?
34
Suppose 9*u - 1053 = 216. Calculate the greatest common divisor of 376 and u.
47
Suppose 0 = r + 5*c - 31, -2*r - 5*c = -5*r + 153. What is the greatest common factor of 391 and r?
23
Let j(z) = -5*z - 2. Let t be j(-2). Suppose -244 - 204 = -56*l. What is the greatest common divisor of l and t?
8
Let d = -93 - -135. What is the highest common factor of 441 and d?
21
Suppose -2*h = 3*l + 2*l - 157, 0 = -4*h - 2*l + 290. Suppose 2*u = h + 61. What is the greatest common divisor of 165 and u?
33
Suppose 0*w - 4*y - 272 = -3*w, -4*w = -3*y - 351. Suppose 0 = 10*q + 921 - 1161. What is the highest common factor of q and w?
12
Let c = 163 + 21. What is the greatest common divisor of c and 40?
8
Suppose 0 = -2*y + 8*y. Suppose -d - 4 + 8 = y. Let o be (18/8)/9*d. Calculate the highest common divisor of o and 8.
1
Suppose 4*y - 88 = -3*j, 0*j + 84 = 3*j + 3*y. Calculate the highest common factor of 54 and j.
6
Let y(r) = 562*r**2 - 31*r + 28. Let j be y(1). Calculate the greatest common divisor of 13 and j.
13
Let k be -11*(6 + 1)/(-7). Let s(g) = -89*g - 1. Let y be s(-1). Suppose -w = -0*w - y. What is the highest common divisor of k and w?
11
Let d be 5 + (-2)/(8/4). Suppose 6*x - 3*x = -d*r + 25, r - 7 = -x. What is the greatest common divisor of r and 2?
2
Suppose 0 = 3*t - 3 - 0. Suppose 0 = -s - 3*n + 2, 5*n = 4*n + t. Let g be (1 + 0)/(s/(-2)). Calculate the highest common factor of g and 16.
2
Let l = 2417 + -2396. Calculate the highest common divisor of 2184 and l.
21
Let m(x) be the first derivative of 39*x**2/2 - 6*x + 4. Let t be m(5). Let k be 21*(1 + 2)/3. What is the highest common divisor of k and t?
21
Suppose -5*m = -5*o - 70, 5*m + 5*o = 45 + 5. Let p = m + -8. Suppose -28 = -p*z - 4*w, -z + 0*z + 3*w = -19. Calculate the highest common divisor of z and 2.
2
Let i = -166 - -182. What is the greatest common factor of 408 and i?
8
Let r be (2 + 193/(-2))*(4 + -6). Calculate the highest common factor of 315 and r.
63
Let m(u) = 9*u**2 - 6. Let t be m(2). Let j = 60 - 48. What is the highest common divisor of j and t?
6
Suppose 4*t + 74 = -0*b + 3*b, -2*t = -3*b + 64. Let w be 17 + -11 + 9 - 3. Calculate the greatest common divisor of b and w.
6
Let m be (-13 - (-112)/14) + 164 + 1. Calculate the greatest common factor of 100 and m.
20
Let l be 21/(-3) + 4 + -3 + 3. Let c be (4 + 4 - l)/1. What is the greatest common divisor of 88 and c?
11
Let u(x) = -x + 4. Let n be u(0). Calculate the highest common divisor of 208 and n.
4
Let g(o) = o**2 - 3*o - 18. Let b be g(-6). Suppose k - 86 = -4*k + 2*j, 3*k + 4*j - b = 0. What is the highest common divisor of 24 and k?
8
Let g(q) = 14*q - 130. Let p be g(10). Calculate the highest common factor of p and 270.
10
Let t = -384 - -414. What is the greatest common divisor of t and 110?
10
Let n(i) = 2*i + 14. Suppose -6 - 4 = 2*s. Let z be n(s). Calculate the highest common factor of 32 and z.
4
Let s be (-3792)/(-72)*((-10)/(-4) - 1). What is the highest common factor of 1027 and s?
79
Let b(u) = u - 3. Let s be b(5). Suppose 0 = j + s*x - 21, 0 = -3*j - 3*x + 2*x + 38. Calculate the highest common divisor of j and 22.
11
Let h(f) = -f**2 - 14*f + 42. Let r be h(-18). Let k = 45 + r. Calculate the highest common divisor of k and 165.
15
Let u(y) = 4*y**2 + 23*y + 10. Let f be u(8). Suppose 90 = 5*q - f. What is the greatest common divisor of q and 12?
12
Suppose -9*n = -2*j - 8*n + 136, 4*j - 3*n - 276 = 0. What is the highest common divisor of 33 and j?
33
Let r be 20/8*(8 + -2). What is the highest common f